z(o) = -o**3 + o**2 + 2*o - 1. Let j(k) = v(k) - z(k). Let x(a) = -2*j(a) + y(a). Determine x(0).
0
Let t(b) = -b + 12. Let f(g) = g + 11. Let w(x) = x + 11. Let y be w(-17). Let u be f(y). What is t(u)?
7
Let l(f) be the second derivative of 0 + 2/3*f**4 - 3*f - 1/6*f**3 - 1/2*f**2. What is l(-1)?
8
Suppose 2*g = -0*g - 10. Let a(f) = -f - 1. Let s(p) = p. Let b(v) = g*s(v) - 6*a(v). Calculate b(0).
6
Let w(a) = -a**3 + a**2 + a + 7. Let u = 7 - 12. Let d = u + 10. Suppose -4*m = 5*z - 20, -3*z - 15 - d = -4*m. Determine w(z).
7
Suppose -2*h = -7*h. Suppose -3*d - z - 6 = 0, h = 4*z - 4 + 16. Let t(c) = -2*c**2. Give t(d).
-2
Let b(z) = z**3 + 6*z**2 + 4*z - 6. Let y(s) = 13*s - 3. Let k be y(2). Suppose -4*o + 17 = -k. Let u = 5 - o. What is b(u)?
-1
Let l(k) = -12*k. Let i be l(-2). Suppose -t = -5*t + i. Let c(z) = -z - 1. Let n(f) = 4*f - 5. Let u(g) = -3*c(g) - n(g). What is u(t)?
2
Let j(w) be the third derivative of -w**4/12 + w**3/6 + w**2. Determine j(1).
-1
Let m(u) = 4*u - 3. Let o = -4 - -6. Suppose 0 = o*a - 7*a + 20. Let i = a - 2. Determine m(i).
5
Let v = 5 - -7. Suppose -v*w = -14*w. Let m(o) = -9 - o**2 + 1 + 0*o**2. What is m(w)?
-8
Let c(a) = 16*a**3 - 41*a**2 - 51*a + 30. Let h(b) = -3*b**3 + 8*b**2 + 10*b - 6. Let p(d) = 2*c(d) + 11*h(d). Calculate p(7).
1
Let r(b) = b - 3. Suppose 0 = -3*s - 5*m + 5, -3*m - m - 60 = -4*s. Let k be (-48)/10 - 2/s. What is r(k)?
-8
Let x(n) = -3*n**3 + 4*n - 1. Let d(i) = 4*i**3 + i**2 - 5*i + 1. Let s(k) = 4*d(k) + 5*x(k). Suppose 0 = -5*p + 2*v - 18, -2*v - 3 = -1. Give s(p).
-1
Let p(f) = f**2 - f. Let y = 11 - 9. Let t be ((-7)/3 + y)*0. Give p(t).
0
Let v(n) = n**2 + 5*n + 3. Let s(b) = 3*b - 2. Let y be s(0). Calculate v(y).
-3
Let m(d) be the second derivative of d**4/4 - 2*d**3/3 - 5*d**2/2 + 5*d. Let j(p) = 7*p**2 - 8*p - 10. Let g(w) = -4*j(w) + 9*m(w). What is g(-5)?
-10
Suppose 4*j = 2 - 14. Let m(g) = -9*g**2 + 3*g - 4. Let p(c) = 8*c**2 - 2*c + 3. Let b(s) = j*p(s) - 2*m(s). Suppose d - 1 = -0*d. Determine b(d).
-7
Suppose 21 = 3*l - 0*l + 3*y, l - 2*y = -5. Let x(d) = d + 1 - 2 + 3. Calculate x(l).
5
Suppose -2*o + 16 = -2*m - 2*m, 2*o + 2*m = 10. Let t(f) = -f**2 + 4*f + 5. Give t(o).
-7
Let c(q) be the second derivative of -q**5/30 - 5*q**4/24 + q**3/2 + q**2/2 + q. Let x(u) be the first derivative of c(u). Let t be (1 + -1 + 2)*-2. Give x(t).
-9
Let w = 13 - 8. Suppose 14 = w*r - 6. Let q(b) = b**3 - 5*b**2 + 3*b + 3. Let x be q(r). Let y(o) = 8*o**2 + 2*o + 1. Calculate y(x).
7
Let f be (3 - 0)*6/(-18) - -1. Let h(t) = t - 11. Give h(f).
-11
Let h(v) be the third derivative of -7*v**5/60 + 18*v**2. Give h(1).
-7
Let o(a) = 7*a + 7*a**2 - 148*a**3 - 2*a**2 + 147*a**3 - 4. Calculate o(6).
2
Let k = -19 + 22. Let t(o) = -2*o - 2. Let f be t(k). Let p(d) = -d**2 - 7*d + 9. Calculate p(f).
1
Let u(o) = o**2 + 9*o + 9. Suppose 0 = 5*f + n - 0*n + 31, 3*n - 12 = 0. Give u(f).
-5
Suppose -10 = -2*s - 2*z, -2*z + 4*z = -5*s + 22. Suppose 1 - 3 = -u, -s*t + u = -2. Let r(c) = 0 - c - 4 + 5 + 8*c**3. Determine r(t).
8
Let t(d) = -7*d**2 - 2*d + 4. Let v(k) = 6*k**2 + 2*k - 4. Let s(r) = 5*t(r) + 6*v(r). Suppose -2*l - n = 3*l + 30, 2*l + 5 = n. Determine s(l).
11
Let b(h) be the second derivative of -h**5/20 - 7*h**4/12 - 7*h**3/6 - 9*h**2/2 - 7*h. Determine b(-6).
-3
Let x = 64 - 67. Let p(y) be the third derivative of -y**6/120 - y**5/20 + y**4/24 - 2*y**3/3 - y**2. Determine p(x).
-7
Let u(b) be the first derivative of -7*b - 1/3*b**3 - 3 + 5/2*b**2. What is u(5)?
-7
Let i(k) = k**2 - 4*k + 2. Let j = 1 - 7. Suppose -7 = -3*l - 37. Let w = j - l. Determine i(w).
2
Let c(g) be the third derivative of g**4/24 + g**3/6 - 3*g**2. Determine c(3).
4
Let m(x) = 3*x - 3. Let c = 6 + -1. Suppose 25 = 5*k + 5*v, 4*v = -k + 3 + c. What is m(k)?
9
Suppose -7 = 2*w + 5*y, w + 2*w + 3*y = 3. Let t(l) = w*l + l**2 - 2 - 10 + 7. Determine t(-4).
-5
Suppose 8 = 6*o - 2*o. Suppose 2*c - 7 = -3*y, -y + o = -3*c - 4. Suppose 0 = 2*n - 1 - y. Let h(p) = p**2 - 4*p + 1. Calculate h(n).
-3
Let b = -6 - -2. Let x(n) = -n - 9. Give x(b).
-5
Let s be (-21)/3 + (1 - 0). Let t(q) be the first derivative of 2*q**3 + 4*q + 1/4*q**4 + 2 + 1/2*q**2. Calculate t(s).
-2
Let h = 0 + 1. Let r(w) = -8*w**3 + 2*w**2 - w. Give r(h).
-7
Let z be 3*(33/(-9) + 3). Let w = z + 0. Let c(p) = 2*p**2 + 2*p + 2. Calculate c(w).
6
Suppose -2*g - 2*g + 8 = 0. Suppose -5*v = -2*x - g*x - 7, 3*x + 5*v = -14. Let f(t) = -t - 1. Determine f(x).
2
Let r(z) = 9*z + 5. Let j(q) = -4*q - 3. Let b(v) = 7*j(v) + 4*r(v). Determine b(1).
7
Suppose 3*j - 5*d + 1 = 10, -4*j = 2*d - 12. Let w(h) be the first derivative of h**2/2 - 3*h + 1. Give w(j).
0
Let d(m) = -15 + 3 + 4*m + 6. Calculate d(5).
14
Let c(a) = -4 + 4 + 4 - a. Let x = -1 + -14. Let k = x + 11. Calculate c(k).
8
Let f(r) = r**3 - 8*r**2 + 2*r + 8. Let y be f(8). Suppose -5*c - z + 12 = 1, -y = -4*c + 3*z. Let k(g) = 4*g - 4. Determine k(c).
8
Let j(t) be the first derivative of -t**4/4 + 4*t**3/3 + t**2 - 2*t - 8. Give j(5).
-17
Let y(i) be the second derivative of i**4/12 + 5*i**3/6 + i. What is y(-6)?
6
Let f(b) = -63*b + 2 + 27*b + 35*b. Let o = -7 + 10. Calculate f(o).
-1
Let v(a) = -a**3 - a**2 + a - 1. Let j(k) = -10*k**3 - 4*k**2 + 4*k - 5. Let w(q) = j(q) - 6*v(q). Suppose -3 = 3*y - 6. Give w(y).
-3
Let p(z) be the second derivative of z**5/40 + z**4/6 + z**3/6 + 2*z. Let o(h) be the second derivative of p(h). Calculate o(-4).
-8
Let j(c) = -2*c**2 - 20*c - 17. Let b(x) = x**2 + 7*x + 6. Let v(a) = 8*b(a) + 3*j(a). Let o = 4 + -6. What is v(o)?
13
Let i(d) = 3*d**2 + 5*d - 6*d**2 - 4 + 4*d**2. Let y(r) = -r**2 - 4*r + 3. Let t(b) = -2*i(b) - 3*y(b). Let z be 3/6 + (-10)/4. What is t(z)?
-1
Let o(r) = -3*r**3 + 11*r**2 + 11*r - 6. Let u(s) = 2*s**3 - 6*s**2 - 6*s + 3. Let v(w) = -3*o(w) - 5*u(w). Determine v(-3).
12
Let p(a) = -2*a - 4. Let z = 2 + 1. Let y = z + 2. Suppose y*k = -4*x - 13, -x = k - 0 + 2. Give p(k).
6
Let a(t) = -2*t**2 + 4*t - 4. Let p = 27 + -24. Calculate a(p).
-10
Let j(c) = -c**3 - c**2 + c + 5. Let i be j(0). Let g(p) = -7 + 3*p**2 - p**2 - 8*p + 2*p. Give g(i).
13
Let a = 0 - 0. Let t(f) = -2 + 0*f**2 + 4*f + a*f**2 - f**2. What is t(5)?
-7
Let c(r) = r**3 - 6*r**2 + 6*r - 7. Let f be c(5). Let v(l) = l**3 - l**2 - l + 1. What is v(f)?
-9
Let u(z) = z**2 + z - 1. Let h = -17 + 17. Determine u(h).
-1
Let i(g) = -g**3 - 4*g**2 - 2*g + 2. Suppose 4*u - 75 = -u - 3*c, 53 = 4*u + c. Suppose u = -4*l - 0. Calculate i(l).
-1
Suppose 7*w - 2*w - 11 = -y, 5 = 5*w - 5*y. Let u(m) = 2*m**3 + 5*m**2 - 7*m. Let h(k) = -2*k**3 - 6*k**2 + 8*k. Let g(j) = -6*h(j) - 7*u(j). Calculate g(w).
-10
Let y = -15 + 11. Let f be (-6)/(-12) - 6/y. Suppose 3 = 5*d - 3*k + 2*k, 7 = 3*d + f*k. Let r(n) = n**3 - n. Determine r(d).
0
Let q = 3 + -1. Suppose -6 = t + 3*u + 7, -2 = q*t - 2*u. Let y(r) = -r**3 - 5*r**2 - 5*r - 2. Determine y(t).
2
Let r be (5 - 4)*5/(-2 - -1). Let a(h) = h**2 + h. Calculate a(r).
20
Let q(c) = 6*c**2 - c. Let z be q(1). Let h(g) = -g**2 + 3*g - 1 + z*g**2 - 3*g**2. Let a be 9/(-6) - ((-75)/(-10) + -5). Determine h(a).
3
Let x(b) = 5*b**2 - 2*b - 1. Let n(r) = 6*r**2 - r. Let v(p) = 6*n(p) - 7*x(p). What is v(-6)?
-5
Suppose 0 = 5*r - 1 - 4. Let t(l) = 1 + 5*l + r + 3. Let x(q) = q + 1. Let u(w) = 2*t(w) - 11*x(w). What is u(-3)?
2
Suppose -4*h + 18 = -2*f, f - 5*f = 3*h + 3. Let x = f + 5. Let p = x + -3. Let j(b) = 7*b + 1. Give j(p).
-6
Let y(f) = -2*f**2 + 2*f + 2. Suppose 0 = -4*p - 5*x - 3, 4*x + 1 = -3*p - 2. Calculate y(p).
-10
Let b(j) = 2*j - 4. Let l(y) = 3*y + 1. Let w be l(1). Let s = 0 + w. Give b(s).
4
Suppose 18 - 13 = -i. Let q(j) = j + 8. What is q(i)?
3
Let k(n) be the third derivative of n**4/24 + n**3/3 - n**2. Suppose 0 = -2*a + 10 + 14. Suppose -w + a = 2*w. What is k(w)?
6
Suppose 0 = -0*l + 3*l. Let d(u) be the first derivative of u**4/4 + u**3/3 - u**2/2 + 4*u - 1. What is d(l)?
4
Let c(w) = -7*w. Let t(d) be the first derivative of 18*d**2 + 2. Let r(z) = 11*c(z) + 2*t(z). Calculate r(1).
-5
Let t(p) = -p**3 + 8. Suppose -4*i = -8*i. Suppose i*w = 2*w. What is t(w)?
8
Suppose 0 = l - 0*l, -5*h = -3*l. Suppose -2*k + 8 = -h*k. Let f(t) = t + 0*t - k - t**2 + 4. Give f(3).
-6
Suppose -m = -4*m + 2*z + 12, 5*m - 5*z